What is 35366 (base 8) in base 3?
202201001
What is -3469 (base 12) in base 2?
-1011011010001
What is 4836 (base 9) in base 16?
e0d
-10d5 (base 14) to base 4
-231303
What is -46148 (base 10) in base 5?
-2434043
-10257 (base 8) to base 10
-4271
Convert -1092 (base 12) to base 6.
-12302
Convert 3553 (base 9) to base 2.
101001010000
Convert -633 (base 7) to base 13.
-1b6
What is -1021 (base 4) in base 6?
-201
What is 101100100 (base 3) in base 10?
7542
What is 33acc (base 13) in base 14?
2643a
Convert 73 (base 13) to base 16.
5e
Convert -1819 (base 11) to base 8.
-4417
400 (base 9) to base 11
275
What is -9112 (base 10) in base 9?
-13444
-1022220 (base 4) to base 16
-12a8
Convert -1010111101110 (base 2) to base 11.
-4244
111022 (base 6) to base 2
10010001010110
What is -56c9 (base 13) in base 4?
-2332010
What is 20b23 (base 12) in base 14?
119b5
What is -55217 (base 8) in base 3?
-1011210122
1001112101 (base 3) to base 9
31471
14019 (base 13) to base 9
56233
-aa (base 13) to base 7
-260
-3033 (base 5) to base 6
-1453
What is -1201 (base 4) in base 12?
-81
Convert -153 (base 8) to base 11.
-98
110 (base 16) to base 15
132
4e3 (base 15) to base 2
10001011001
-438 (base 13) to base 16
-2d3
What is 1020431 (base 6) in base 5?
3040121
Convert -120 (base 9) to base 12.
-83
What is -110100001100 (base 2) in base 5?
-101330
-1512 (base 14) to base 16
-e9c
5654 (base 10) to base 8
13026
10543 (base 8) to base 4
1011203
Convert 61422 (base 8) to base 16.
6312
Convert -3b72 (base 12) to base 13.
-3173
129 (base 12) to base 2
10110001
What is -12129 (base 11) in base 6?
-212451
-3501 (base 15) to base 3
-120102201
Convert 22624 (base 9) to base 11.
10377
Convert -10000122210 (base 3) to base 2.
-1110100010001001
What is -c07 (base 13) in base 9?
-2711
10221 (base 4) to base 6
1213
5c0 (base 14) to base 6
5152
What is -111101 (base 2) in base 10?
-61
Convert -2763 (base 9) to base 16.
-822
Convert 55c (base 13) to base 3.
1021011
-1b9 (base 13) to base 8
-501
-61464 (base 7) to base 15
-4696
Convert 15d9 (base 14) to base 11.
2a3a
What is -1052 (base 15) in base 12?
-1bb8
Convert -31002 (base 7) to base 4.
-1311330
Convert 1823 (base 13) to base 4.
313322
What is -100001101110 (base 2) in base 16?
-86e
What is 10112220 (base 3) in base 2?
101000011101
What is -2042 (base 5) in base 3?
-101002
What is -100111111 (base 2) in base 6?
-1251
Convert -495 (base 15) to base 9.
-1375
-560 (base 7) to base 5
-2122
What is -2392 (base 11) in base 7?
-12054
25581 (base 9) to base 10
17245
Convert 41470 (base 8) to base 16.
4338
Convert -52fb (base 16) to base 6.
-242203
17836 (base 11) to base 9
37218
-13 (base 7) to base 2
-1010
Convert -113041 (base 5) to base 15.
-1366
Convert -10011010001 (base 2) to base 9.
-1620
Convert -10100111110 (base 2) to base 15.
-5e7
-101b (base 12) to base 13
-a49
-15401 (base 7) to base 14
-1801
-207 (base 9) to base 5
-1134
Convert -7a4 (base 13) to base 6.
-10033
Convert 50 (base 11) to base 2.
110111
Convert -3001344 (base 5) to base 2.
-1011011111111011
-11111011 (base 2) to base 6
-1055
56f1 (base 16) to base 2
101011011110001
15a (base 16) to base 3
110211
What is 4964 (base 15) in base 10?
15619
-6e6 (base 15) to base 8
-3036
-120000010 (base 3) to base 16
-2aba
What is 295 (base 13) in base 16?
1cc
-309 (base 12) to base 3
-121100
-1222212221 (base 3) to base 11
-27572
Convert 2103 (base 7) to base 2.
1011100010
What is -2048 (base 10) in base 8?
-4000
Convert 2364 (base 8) to base 16.
4f4
Convert -10110110001 (base 2) to base 16.
-5b1
Convert dd (base 16) to base 2.
11011101
What is 1010240 (base 6) in base 15?
e383
32011 (base 5) to base 3
2220221
-40 (base 13) to base 10
-52
Convert -3064 (base 7) to base 13.
-649
Convert 111022 (base 3) to base 8.
547
What is -267 (base 16) in base 4?
-21213
What is -2002100 (base 3) in base 14?
-7a9
4b25 (base 15) to base 13
7397
e90 (base 16) to base 2
111010010000
What is 2217 (base 10) in base 9?
3033
Convert 104041 (base 5) to base 3.
12000001
What is -3558 (base 9) in base 10?
-2645
What is -10300 (base 6) in base 10?
-1404
What is -7375 (base 12) in base 2?
-11000101001001
110101010 (base 2) to base 4
12222
What is -574 (base 16) in base 3?
-1220201
1863 (base 12) to base 2
101110001011
What is -183 (base 13) in base 9?
-336
135213 (base 7) to base 15
79c3
Convert -44214 (base 5) to base 12.
-192b
-15452 (base 10) to base 7
-63023
-21141 (base 8) to base 13
-4010
What is 1ba5 (base 15) in base 11?
456a
What is -826 (base 13) in base 4?
-111220
11100110001 (base 2) to base 12
1095
Convert -a9 (base 13) to base 11.
-117
What is 169c (base 13) in base 8?
6414
What is -6326 (base 8) in base 2?
-110011010110
What is 1226 (base 8) in base 5?
10122
-226 (base 15) to base 2
-111100110
What is -10011010111 (base 3) in base 15?
-135c4
4117 (base 13) to base 12
5241
Convert 31311 (base 7) to base 15.
2436
Convert 1322 (base 7) to base 10.
506
f07 (base 16) to base 12
2287
11566 (base 7) to base 2
101111011101
What is -8016 (base 14) in base 2?
-101010111010100
Convert -10331 (base 4) to base 7.
-632
-3009 (base 13) to base 15
-1e50
Convert -2706 (base 10) to base 4.
-222102
Convert 3099 (base 14) to base 12.
4a13
-487b (base 12) to base 13
-3938
13123 (base 4) to base 13
2a7
-870 (base 9) to base 7
-2034
Convert -220200 (base 3) to base 14.
-358
What is 2906 (base 14) in base 4?
1301122
-1212 (base 5) to base 2
-10110110
-256 (base 11) to base 10
-303
What is -17361 (base 8) in base 3?
-101212101
1363 (base 7) to base 16
217
Convert -2878 (base 9) to base 7.
-6230
Convert -20621 (base 8) to base 3.
-102210021
What is -31431 (base 8) in base 16?
-3319
Convert 12217 (base 13) to base 9.
50624
Convert -352 (base 9) to base 10.
-290
-475 (base 11) to base 6
-2342
-1e61 (base 15) to base 9
-10061
-403331 (base 5) to base 12
-7606
What is 9265 (base 13) in base 12?
b82a
Convert 42513 (base 8) to base 2.
100010101001011
1110101001001 (base 2) to base 11
56a6
10010022 (base 3) to base 10
2276
What is 101011001010 (base 2) in base 7?
11024
What is -12718 (base 12) in base 11?
-17a48
-1366 (base 8) to base 2
-1011110110
What is -9673 (base 15) in base 11?
-21a0a
Convert -182 (base 15) to base 2.
-101011011
-2442 (base 11) to base 14
-1240
What is 132003 (base 5) in base 16?
1485
What is -64c (base 16) in base 2?
-11001001100
1f91 (base 16) to base 6
101225
Convert 142 (base 13) to base 15.
ed
Convert 122222 (base 3) to base 4.
13211
10110111111110 (base 2) to base 10
11774
What is 2205 (base 7) in base 6?
3353
Convert 20c (base 13) to base 11.
299
Convert -47a (base 12) to base 13.
-3c7
What is 4961 (base 10) in base 13?
2348
Convert 32321 (base 8) to base 12.
79a9
What is 3030 (base 6) in base 15?
2e6
Convert -a47 (base 16) to base 7.
-10446
Convert -539 (base 13) to base 12.
-625
Convert 4283 (base 9) to base 7.
12123
1000100011010 (base 2) to base 4
1010122
-301212 (base 4) to base 5
-100144
What is -7467 (base 11) in base 8?
-23222
2034 (base 6) to base 12
31a
b48 (base 12) to base 16
668
What is -28309 (base 11) in base 8?
-116556
What is 3b4 (base 13) in base 15?
2d9
-22122 (base 3) to base 14
-129
Convert 2279b (base 12) to base 15.
d9a5
Convert 735 (base 11) to base 2.
1101110101
Convert -3301 (base 10) to base 11.
-2531
Convert -1289 (base 12) to base 9.
-2816
-344322 (base 6) to base 5
-1420443
What is -17e9 (base 16) in base 10?
-6121
Convert 3e (base 16) to base 7.
116
1142 (base 6) to base 13
185
-214546 (base 7) to base 15
-b261
Convert -111301 (base 4) to base 8.
-2561
Convert -5311 (base 6) to base 14.
-615
What is a26e (base 16) in base 12?
20092
Convert -20772 (base 10) to base 14.
-77da
-166 (base 7) to base 12
-81
What is 2274 (base 10) in base 7?
6426
Convert 1551 (base 6) to base 12.
2b7
What is -7bb (base 13) in base 12?
-935
What is -44353 (base 10) in base 12?
-21801
Convert -1344 (base 5) to base 16.
-e0
Convert -527 (base 10) to base 15.
-252
Convert 4376 (base 9) to base 15.
e53
Convert -23221 (base 5) to base 13.
-9c9
Convert 43445 (base 9) to base 12.
147b8
What is 110001101 (base 2) in base 9?
481
Convert -823 (base 9) to base 16.
-29d
Convert 1200021100 (base 3) to base 11.
22883
Convert 1aa (base 14) to base 4.
11122
-11101110 (base 2) to base 5
-1423
What is -11dc5 (b